
Let v be 4/(-30) + ((-220510)/(-75) - -1). Let x(d) = -277*d - 11. Let i be x(-5). Let p = v + i. Is p a prime number?
False
Let w = -318 + 838. Suppose -5*h + 2*n = -w, 2*n = h - n - 91. Let p = h - -71. Is p a prime number?
False
Let l = -3844 - -7154. Let v = -1916 + l. Let h = v + -747. Is h a composite number?
False
Let t(b) = 4629*b**2 - 60*b - 500. Is t(-7) a composite number?
False
Let t be 8/(-36) + 236/9. Suppose t*c - c = 12325. Is c a prime number?
False
Suppose 0 = 5*i + i - 66. Suppose 0*m + i*m = 44. Suppose 431 + 837 = m*k. Is k prime?
True
Let m = 488322 + -296035. Is m a prime number?
False
Suppose -2*w - 5*q = -214859, -3*w + 13*q = 15*q - 322305. Is w a composite number?
True
Suppose f - 8650 = -4*f - 5*x, 0 = 4*f + 5*x - 6924. Let k = f - -2821. Is k composite?
False
Suppose -5*r + 2*r = -54. Suppose 5*f - r = 8*f. Is ((-2)/f - -4)*39 prime?
False
Let r be (-4)/(-14) + 340/35. Let n be 6 - (-28)/(-5) - (-566)/r. Suppose 3*v - 6*v = -n. Is v prime?
True
Let p be -5*4*7/(-70). Suppose -p*q = -3*f - q + 29125, -3*q = 2*f - 19402. Is f composite?
True
Is 120/70 - 1/(-14)*10141058 prime?
False
Let i(q) = 811*q + 183. Let t = -94 - -110. Is i(t) a prime number?
True
Suppose -21984 = -4*h - 5*b, -11006 = -0*h - 2*h + b. Let k = -2484 + h. Is k composite?
True
Let a(n) = 144*n + 7. Let t = -26 - -27. Let l = 4 - t. Is a(l) a composite number?
False
Suppose 2695*l - 2665*l = 5543151 - 1945881. Is l prime?
False
Suppose -13*g + 8*g + 20 = 0. Suppose 0 = 2*j + p - 2, g*j - p - 5 = 11. Suppose -j*o = -0*o - 12, 0 = 3*z + 2*o - 590. Is z a prime number?
False
Let a = -3738 - -5241. Suppose -2*p - a = 5*q - 3598, p = 3*q - 1257. Is q composite?
False
Suppose 0 = 4*a - 3*o + 13737, -3*a - 4*o - 14788 = -4479. Let r = a + 7490. Is r composite?
True
Suppose -5*t - 90 = -110. Suppose t*f - 3395 - 131865 = 0. Is f a prime number?
False
Let i(v) = 5*v**2 - 6*v - 1. Suppose 0 = -3*w + 4*c - 5, 5*w - 1 = 5*c - 6. Let n be i(w). Is ((-4789)/6 - 3/9)*n a composite number?
False
Let y(u) = -u**2 + 2*u + 8. Let o be (-2)/4 - 207/(-46). Let r be y(o). Suppose a - 8*a + 4585 = r. Is a a composite number?
True
Let o(t) = t**2 - 9*t + 15. Let d be o(7). Let j = -46 - -45. Is (3 - 6)*j + d*2434 prime?
True
Let n(o) = -o**3 + 3*o + 2. Suppose 6*f - 15*f = 9. Let s be n(f). Suppose s*m = -m + 586. Is m a prime number?
False
Let q(w) = 63*w**2 + 10*w - 17. Let x(p) = p**2 - p. Let l(r) = q(r) + 4*x(r). Let z = 292 + -284. Is l(z) a prime number?
False
Let b = -367 - -597. Let m = b + -99. Is m a prime number?
True
Suppose 2*i = 4*c + 7658, 2*i + 5*c - 3732 = 3953. Suppose -i = -9*a + 6524. Is a composite?
False
Suppose 38 = 12*a + 2. Suppose 5*j = 10, -3*i - a*j - 781 = -12613. Suppose 12*w = i + 606. Is w a prime number?
True
Let n be -14998*(-10)/(-15)*(-6)/(-4). Is 55/22*n/(-5) a composite number?
False
Suppose -5 = 3*g - 3*i + 16, 3*g - 5*i + 11 = 0. Let w be g/18 + 3 - 1/3. Is ((-10)/(-2))/(w/586) a composite number?
True
Let i = -13130 - -38127. Is i a composite number?
True
Let j(b) = 6*b**2 + 53*b - 7. Let q be j(-9). Is (((-17171625)/(-30))/(-25))/((-1)/q) prime?
False
Let c(o) be the second derivative of 12*o**2 - 2/3*o**3 + 1/12*o**4 + 0 + 9*o. Is c(-17) prime?
False
Let s(h) = h**2 - 8*h + 16. Let d be s(34). Let x = 1639 - d. Is x a composite number?
False
Suppose -14*h + 3 = -17*h. Let a(m) = -356*m**3 - 1. Let z be a(h). Suppose -3*o + 287 = 4*i - z, 9 = -3*i. Is o prime?
False
Let u(l) = -27*l + 23. Let q be u(-15). Suppose -442 = -3*v + q. Let i = 853 - v. Is i prime?
True
Let h = -379 + 533. Suppose -15*y = -13*y - h. Let x = y - 31. Is x composite?
True
Let q = 583 - -385. Let v = -261 + q. Is v composite?
True
Suppose 53708 - 143991 = -5*n - 2*p, -3*n + 54147 = 5*p. Is n composite?
False
Suppose -f + 2448 = -6*r + 7*r, 4*r - 4 = 0. Suppose -3*h - 554 = -f. Is h a prime number?
True
Let l(c) = 4*c**2 - 6*c + 19. Let m = 26 - 20. Is l(m) composite?
False
Suppose q = 5*v + 27, 2*q = 4*v + 2 + 16. Let h be 0 - (-7 - -4)*(-8)/v. Suppose 2*t - 5*t + 3405 = 2*g, h*t + 4*g - 4544 = 0. Is t a prime number?
False
Let d = -546 - -1113. Suppose -4*s = 5*j - 755, d = -s + 4*s + 4*j. Is s composite?
True
Let y(c) = 40*c**2 - 79*c - 460. Is y(-17) composite?
True
Let g = -5325 + 5220. Let s be 1/(-1) - (-26)/(-2). Is 4/s + (-5)/(g/15819) prime?
False
Suppose -17 = -l - 4*f, -2*l + 0*f + 13 = f. Suppose 0 = l*h + 1 - 11. Is 209 + h*3/3 a composite number?
False
Let j(g) = -8574*g**3 - g**2. Let y be j(-1). Is (5 + -4)*(-10 + y) a prime number?
True
Is -1*8/12 - ((-87074800)/60 - -9) composite?
False
Suppose j - 5*g = 5166, 4*j - 7951 = -8*g + 12741. Is j composite?
False
Let d be 58235/190 + (-2)/8*-2. Let s = d - 70. Is s composite?
True
Suppose 9*b - 104 - 166 = 0. Is ((-24474)/(-12))/(3/b) a prime number?
False
Let i = 38 + -23. Suppose m + i = 18. Is -3*(m - 3110/15) composite?
False
Is -4*(-7252 + -1 + (-45)/(-60)) a prime number?
True
Let c = -7825 - 38575. Let f = -13215 - c. Is f prime?
False
Let f = 6807 + 28423. Suppose -112*d - 3*r - f = -114*d, 0 = -4*d - 5*r + 70416. Is d a prime number?
True
Suppose 51*b - 55*b = 12. Is 2/(b/((-35565)/10)) composite?
False
Suppose 0 = 2*v - 2*q - 178922, -2*q - 126625 = -v - 37162. Is v a composite number?
False
Let k(c) = -2*c**2 - 8*c - 6. Let w be k(-3). Suppose -i + 18 = l, 4*l - i - i - 90 = w. Suppose -l*j + 3647 = -14*j. Is j a composite number?
False
Let b(g) = g**3 - 14*g**2 - 14*g - 25. Let l be b(15). Let o(t) = t**3 + 15*t**2 - 7*t - 14. Let n be o(l). Let s = 1055 - n. Is s prime?
True
Suppose 3*f + 4820 = -5*w, w = -4*f - 427 - 554. Let v = w - 378. Let g = v - -2258. Is g prime?
True
Let m(v) = -4*v - 1. Let z(l) = -3*l**3 + l**2 - l + 15. Let d be z(0). Suppose -4*j - 4 = 0, 4*h - j = 2*h - d. Is m(h) a composite number?
False
Let d(v) = 53*v + 8. Let x(q) = -3*q - 6. Let t be x(-3). Suppose 3*c + 18 = 3*w - t, -65 = -5*w - 5*c. Is d(w) prime?
False
Let t = -14 + 21. Suppose -278 = t*x - 11695. Is x prime?
False
Suppose 0 = 2*k + 5*k + 3801. Let g = k - -190. Let p = 2210 - g. Is p a prime number?
False
Is (88797/6*2*-1)/(4/(-4)) a prime number?
True
Suppose -36*i + 0*i = -6408756. Is i a composite number?
False
Suppose -19238 = -2*r + 26440. Suppose -14*h + 14527 = -r. Is h a prime number?
False
Let x = 439278 + 126041. Is x prime?
True
Let f be -1*((-1)/(-2))/(2/12). Let j(u) = -5*u - 10. Let k be j(f). Suppose 1922 = k*t + 3*s, 0 = -2*t + s + 404 + 356. Is t a prime number?
False
Let u be (5 - 12/16)*28. Let v = u + -227. Let d = 122 + v. Is d a composite number?
True
Is (54/24 - 2) + 1/((-24)/(-3529122)) prime?
True
Let o(f) = f**2 + 3*f - 45. Let q be o(7). Suppose -q*v + 11025 = -5750. Is v a composite number?
True
Suppose -9*x = -4*x - 30. Suppose -48 = -9*h + x. Is (33481/6)/7 - 1/h composite?
False
Let v(d) = 2297*d + 630. Is v(57) prime?
False
Let p = -95053 + 142652. Is p a prime number?
True
Suppose -52*b + 39 = -39*b. Suppose 3*a + b*w = 27378 + 8913, -2*w = 0. Is a a prime number?
True
Suppose 356*d - 44842 = 355*d. Suppose -11*q = 3*q - d. Is q a composite number?
False
Let x = -268855 - -740772. Is x composite?
True
Suppose -2*g = 4*t + 2272, -14*g - 5670 = -9*g + 5*t. Let w = g + 1653. Is w a prime number?
True
Let z = -4 - -21. Let l = z + -14. Suppose l*m - 606 - 165 = 0. Is m prime?
True
Suppose -25*g - 118294 + 533071 = -14*g. Is g a prime number?
False
Let h = 618147 + -344002. Is h prime?
False
Is ((-4)/8*-878506)/((-10)/(-10)) prime?
True
Suppose 3*m = 3*i - 27, -3*m - 2*i + 4*i - 27 = 0. Let u be ((-2)/(-3))/((-12)/m - 1). Suppose 3573 - 1139 = u*s. Is s a composite number?
False
Let g = 30135 - -5176. Is g prime?
True
Suppose 507729 = 8*a + 5*h, -5*a + 211455 = -2*h - 105850. Is a prime?
True
Suppose 49 - 69 = -q. Suppose 11*v - 6*v = 4*f + q, -58 = 5*f + 2*v. Let c(i) = -3*i**3 - 5*i**2 - 26*i - 17. Is c(f) a composite number?
True
Suppose 255320 + 67478 = 7*t. Let m = t - 18017. Is m prime?
True
Suppose -5*b + 10*b - 47992 = -g, 0 = -2*g - b + 96029. Is g a prime number?
True
Let z(m) = m**3 + 2*m**2 + 2*m + 757. Let f be 8/2 - -1*(-4 + 0). Is z(f) a composite number?
False
Suppose -2*l - 138 = -2*p, -l - 191 = 2*l + p. Let q = l - 56. Let m = -84 - q. Is 